{"id":1037,"date":"2020-11-29T16:57:35","date_gmt":"2020-11-29T16:57:35","guid":{"rendered":"https:\/\/audio-tools.at\/?post_type=product&#038;p=1037"},"modified":"2020-11-29T16:57:35","modified_gmt":"2020-11-29T16:57:35","slug":"blacklaeder-softshell-weste-3850","status":"publish","type":"product","link":"https:\/\/audio-tools.at\/index.php\/produkt\/blacklaeder-softshell-weste-3850\/","title":{"rendered":"Blackl\u00e4der Softshell Weste 3850"},"content":{"rendered":"<p>Leichte, zweifarbige Softshell Weste, hergestellt aus windabweisendem, extrem atmungsaktiven Material. Die Stretcheins\u00e4tze am R\u00fccken vergr\u00f6\u00dfern die Bewegungsfreiheit und Atmungsaktivit\u00e4t. F\u00fcr optimalen Tragekomfort hat die Weste einen verl\u00e4ngerten R\u00fccken, Fleece im Kragen und einen einstellbaren Bund. Perfekt f\u00fcr k\u00fchlere Arbeitsbedingungen, Innen wie Au\u00dfen.<\/p>\n<h3>FUNKTIONALIT\u00c4T<\/h3>\n<p>Stretch-Einsatz am R\u00fccken<\/p>\n<h3>DETAILS<\/h3>\n<p>Fleecegef\u00fctterter Kragen<\/p>\n<h3>FRONTVERSCHLUSS<\/h3>\n<p>Rei\u00dfverschluss vorne mit Kinnschutz aus Fleece, Rei\u00dfverschluss aus Kunststoff<\/p>\n<h3>TASCHEN<\/h3>\n<p>Vordertaschen mit Rei\u00dfverschl\u00fcssen<br \/>\nInnentaschen<br \/>\nStifttasche<\/p>\n<h3>ABSCHLUSS<\/h3>\n<p>Verl\u00e4ngerter R\u00fccken<\/p>\n<p>Gr\u00f6\u00dfen: XS, S, M, L, XL, XXL<\/p>\n","protected":false},"excerpt":{"rendered":"<p>Leichte, zweifarbige Softshell Weste, hergestellt aus windabweisendem, extrem atmungsaktiven Material. Die Stretcheins\u00e4tze am R\u00fccken vergr\u00f6\u00dfern die Bewegungsfreiheit und Atmungsaktivit\u00e4t. F\u00fcr optimalen Tragekomfort hat die Weste einen verl\u00e4ngerten R\u00fccken, Fleece im Kragen und einen einstellbaren Bund. Perfekt f\u00fcr k\u00fchlere Arbeitsbedingungen, Innen wie Au\u00dfen. FUNKTIONALIT\u00c4T Stretch-Einsatz am R\u00fccken DETAILS Fleecegef\u00fctterter Kragen FRONTVERSCHLUSS Rei\u00dfverschluss vorne mit Kinnschutz aus [&hellip;]<\/p>\n","protected":false},"featured_media":1038,"comment_status":"closed","ping_status":"closed","template":"","meta":[],"product_brand":[],"product_cat":[338],"product_tag":[350,340,349],"class_list":{"0":"post-1037","1":"product","2":"type-product","3":"status-publish","4":"has-post-thumbnail","6":"product_cat-workwear","7":"product_tag-350","8":"product_tag-blacklaeder","9":"product_tag-softshell-weste","11":"first","12":"instock","13":"sale","14":"taxable","15":"shipping-taxable","16":"purchasable","17":"product-type-simple"},"jetpack_sharing_enabled":true,"_links":{"self":[{"href":"https:\/\/audio-tools.at\/index.php\/wp-json\/wp\/v2\/product\/1037","targetHints":{"allow":["GET"]}}],"collection":[{"href":"https:\/\/audio-tools.at\/index.php\/wp-json\/wp\/v2\/product"}],"about":[{"href":"https:\/\/audio-tools.at\/index.php\/wp-json\/wp\/v2\/types\/product"}],"replies":[{"embeddable":true,"href":"https:\/\/audio-tools.at\/index.php\/wp-json\/wp\/v2\/comments?post=1037"}],"wp:featuredmedia":[{"embeddable":true,"href":"https:\/\/audio-tools.at\/index.php\/wp-json\/wp\/v2\/media\/1038"}],"wp:attachment":[{"href":"https:\/\/audio-tools.at\/index.php\/wp-json\/wp\/v2\/media?parent=1037"}],"wp:term":[{"taxonomy":"product_brand","embeddable":true,"href":"https:\/\/audio-tools.at\/index.php\/wp-json\/wp\/v2\/product_brand?post=1037"},{"taxonomy":"product_cat","embeddable":true,"href":"https:\/\/audio-tools.at\/index.php\/wp-json\/wp\/v2\/product_cat?post=1037"},{"taxonomy":"product_tag","embeddable":true,"href":"https:\/\/audio-tools.at\/index.php\/wp-json\/wp\/v2\/product_tag?post=1037"}],"curies":[{"name":"wp","href":"https:\/\/api.w.org\/{rel}","templated":true}]}}