{"id":1178,"date":"2020-12-06T09:37:36","date_gmt":"2020-12-06T09:37:36","guid":{"rendered":"https:\/\/audio-tools.at\/?post_type=product&#038;p=1178"},"modified":"2025-08-22T09:30:31","modified_gmt":"2025-08-22T09:30:31","slug":"qsc-k12-outdoor-cover","status":"publish","type":"product","link":"https:\/\/audio-tools.at\/index.php\/produkt\/qsc-k12-outdoor-cover\/","title":{"rendered":"QSC K12 Outdoor Cover"},"content":{"rendered":"<p>Nylongewebe und Gitterabdeckung f\u00fcr die vor\u00fcbergehende Verwendung des K12.2 und des Vorg\u00e4ngermodells K12 im Freien bei schlechtem Wetter. Abnehmbare Panelabdeckung erm\u00f6glicht den Zugriff auf Anschl\u00fcsse und Bedienelemente. Luftdurchl\u00e4ssiges Material erm\u00f6glicht die Luftzirkulation und ordnungsgem\u00e4\u00dfe W\u00e4rmeableitung. Nicht f\u00fcr Festinstallationen im Freien gedacht.<\/p>\n","protected":false},"excerpt":{"rendered":"\n","protected":false},"featured_media":1179,"comment_status":"closed","ping_status":"closed","template":"","meta":[],"product_brand":[],"product_cat":[108],"product_tag":[426,425,427],"class_list":{"0":"post-1178","1":"product","2":"type-product","3":"status-publish","4":"has-post-thumbnail","6":"product_cat-tasche","7":"product_tag-osc","8":"product_tag-outdoor-cover-k12","9":"product_tag-regenschutz","11":"first","12":"instock","13":"taxable","14":"shipping-taxable","15":"purchasable","16":"product-type-simple"},"jetpack_sharing_enabled":true,"_links":{"self":[{"href":"https:\/\/audio-tools.at\/index.php\/wp-json\/wp\/v2\/product\/1178","targetHints":{"allow":["GET"]}}],"collection":[{"href":"https:\/\/audio-tools.at\/index.php\/wp-json\/wp\/v2\/product"}],"about":[{"href":"https:\/\/audio-tools.at\/index.php\/wp-json\/wp\/v2\/types\/product"}],"replies":[{"embeddable":true,"href":"https:\/\/audio-tools.at\/index.php\/wp-json\/wp\/v2\/comments?post=1178"}],"wp:featuredmedia":[{"embeddable":true,"href":"https:\/\/audio-tools.at\/index.php\/wp-json\/wp\/v2\/media\/1179"}],"wp:attachment":[{"href":"https:\/\/audio-tools.at\/index.php\/wp-json\/wp\/v2\/media?parent=1178"}],"wp:term":[{"taxonomy":"product_brand","embeddable":true,"href":"https:\/\/audio-tools.at\/index.php\/wp-json\/wp\/v2\/product_brand?post=1178"},{"taxonomy":"product_cat","embeddable":true,"href":"https:\/\/audio-tools.at\/index.php\/wp-json\/wp\/v2\/product_cat?post=1178"},{"taxonomy":"product_tag","embeddable":true,"href":"https:\/\/audio-tools.at\/index.php\/wp-json\/wp\/v2\/product_tag?post=1178"}],"curies":[{"name":"wp","href":"https:\/\/api.w.org\/{rel}","templated":true}]}}