{"id":1302,"date":"2021-02-04T09:12:43","date_gmt":"2021-02-04T09:12:43","guid":{"rendered":"https:\/\/audio-tools.at\/?post_type=product&#038;p=1302"},"modified":"2021-03-18T09:54:04","modified_gmt":"2021-03-18T09:54:04","slug":"km-smartphone-und-tablet-pc-tischstativ-19800","status":"publish","type":"product","link":"https:\/\/audio-tools.at\/index.php\/produkt\/km-smartphone-und-tablet-pc-tischstativ-19800\/","title":{"rendered":"k&#038;m Smartphone und Tablet-PC Tischstativ 19800"},"content":{"rendered":"<p>Stylisch und funktionell pr\u00e4sentiert sich das Tischstativ f\u00fcr Smartphones und Tablets. Der Halter kann Ger\u00e4te mit einer Gr\u00f6\u00dfe von 10,2 bis 13\u201c aufnehmen. Das entspricht einer Klemmbreite von 130 bis 224 mm. Die Klammern und die Anlagefl\u00e4che sind mit rutschfestem Gummi \u00fcberzogen und sorgen somit f\u00fcr zus\u00e4tzliche Sicherheit und einen schonenden Grip. Die Halterung l\u00e4sst sich \u00fcber einen Kugelkopf individuell und stufenlos einstellen. Der Auslegerarm kann um 360\u00b0 gedreht werden und ist in der Neigung von 0 bis 150\u00b0 stufenlos einstellbar. Die robuste Fu\u00dfkonstruktion besteht aus einer Metallplatte und einem Unterbau mit 4 rutschfesten F\u00fc\u00dfen. Die Unterkonstruktion h\u00e4lt zudem einen Inbusschl\u00fcssel bereit und erm\u00f6glicht eine komfortable Kabeldurchf\u00fchrung.<\/p>\n","protected":false},"excerpt":{"rendered":"<p>Stylisch und funktionell pr\u00e4sentiert sich das Tischstativ f\u00fcr Smartphones und Tablets. Der Halter kann Ger\u00e4te mit einer Gr\u00f6\u00dfe von 10,2 bis 13\u201c aufnehmen. Das entspricht einer Klemmbreite von 130 bis 224 mm. Die Klammern und die Anlagefl\u00e4che sind mit rutschfestem Gummi \u00fcberzogen und sorgen somit f\u00fcr zus\u00e4tzliche Sicherheit und einen schonenden Grip. Die Halterung l\u00e4sst [&hellip;]<\/p>\n","protected":false},"featured_media":1303,"comment_status":"closed","ping_status":"closed","template":"","meta":[],"product_brand":[],"product_cat":[71,103,87],"product_tag":[472,473,469,470,471],"class_list":{"0":"post-1302","1":"product","2":"type-product","3":"status-publish","4":"has-post-thumbnail","6":"product_cat-home-office","7":"product_cat-stativ","8":"product_cat-tools","9":"product_tag-pc-tischstativ","10":"product_tag-smartphone-halter","11":"product_tag-smartphone-tischstativ","12":"product_tag-tablet-tischstativ","13":"product_tag-tischstativ","15":"first","16":"instock","17":"sale","18":"taxable","19":"shipping-taxable","20":"purchasable","21":"product-type-simple"},"jetpack_sharing_enabled":true,"_links":{"self":[{"href":"https:\/\/audio-tools.at\/index.php\/wp-json\/wp\/v2\/product\/1302","targetHints":{"allow":["GET"]}}],"collection":[{"href":"https:\/\/audio-tools.at\/index.php\/wp-json\/wp\/v2\/product"}],"about":[{"href":"https:\/\/audio-tools.at\/index.php\/wp-json\/wp\/v2\/types\/product"}],"replies":[{"embeddable":true,"href":"https:\/\/audio-tools.at\/index.php\/wp-json\/wp\/v2\/comments?post=1302"}],"wp:featuredmedia":[{"embeddable":true,"href":"https:\/\/audio-tools.at\/index.php\/wp-json\/wp\/v2\/media\/1303"}],"wp:attachment":[{"href":"https:\/\/audio-tools.at\/index.php\/wp-json\/wp\/v2\/media?parent=1302"}],"wp:term":[{"taxonomy":"product_brand","embeddable":true,"href":"https:\/\/audio-tools.at\/index.php\/wp-json\/wp\/v2\/product_brand?post=1302"},{"taxonomy":"product_cat","embeddable":true,"href":"https:\/\/audio-tools.at\/index.php\/wp-json\/wp\/v2\/product_cat?post=1302"},{"taxonomy":"product_tag","embeddable":true,"href":"https:\/\/audio-tools.at\/index.php\/wp-json\/wp\/v2\/product_tag?post=1302"}],"curies":[{"name":"wp","href":"https:\/\/api.w.org\/{rel}","templated":true}]}}