{"id":1306,"date":"2021-02-04T09:19:15","date_gmt":"2021-02-04T09:19:15","guid":{"rendered":"https:\/\/audio-tools.at\/?post_type=product&#038;p=1306"},"modified":"2021-02-04T09:19:16","modified_gmt":"2021-02-04T09:19:16","slug":"km-smarthpone-und-tablet-pc-halter-19805","status":"publish","type":"product","link":"https:\/\/audio-tools.at\/index.php\/produkt\/km-smarthpone-und-tablet-pc-halter-19805\/","title":{"rendered":"k&#038;m Smarthpone und Tablet PC Halter 19805"},"content":{"rendered":"<p>Stylischer und praktischer Halter f\u00fcr Smartphones und Tablets mit Tischklemme. Der Halter kann Ger\u00e4te mit einer Gr\u00f6\u00dfe von 10,2 bis 13\u201c aufnehmen. Das entspricht einer Klemmbreite von 130 bis 224 mm. Die Klammern und die Anlagefl\u00e4che sind mit rutschfestem Gummi \u00fcberzogen und sorgen somit f\u00fcr zus\u00e4tzliche Sicherheit und einen schonenden Grip. Die Halterung l\u00e4sst sich \u00fcber einen Kugelkopf individuell und stufenlos einstellen. Der Auslegerarm kann um 360\u00b0 gedreht werden und l\u00e4sst sich in Neigung, H\u00f6he und Schwenkbereich individuell einstellen. Der Klemmbereich der Tischklemme reicht von 10 bis 35 mm. Die Klemmfl\u00e4chen sind mit Gummi \u00fcberzogen und sch\u00fctzen somit die Tischplatte vor Besch\u00e4digungen.<\/p>\n","protected":false},"excerpt":{"rendered":"<p>Stylischer und praktischer Halter f\u00fcr Smartphones und Tablets mit Tischklemme. Der Halter kann Ger\u00e4te mit einer Gr\u00f6\u00dfe von 10,2 bis 13\u201c aufnehmen. Das entspricht einer Klemmbreite von 130 bis 224 mm. Die Klammern und die Anlagefl\u00e4che sind mit rutschfestem Gummi \u00fcberzogen und sorgen somit f\u00fcr zus\u00e4tzliche Sicherheit und einen schonenden Grip. Die Halterung l\u00e4sst sich [&hellip;]<\/p>\n","protected":false},"featured_media":1307,"comment_status":"closed","ping_status":"closed","template":"","meta":[],"product_brand":[],"product_cat":[71,103,87],"product_tag":[474,475,476],"class_list":{"0":"post-1306","1":"product","2":"type-product","3":"status-publish","4":"has-post-thumbnail","6":"product_cat-home-office","7":"product_cat-stativ","8":"product_cat-tools","9":"product_tag-km-19805","10":"product_tag-km-smartphone-halter","11":"product_tag-tablet-halter","13":"first","14":"instock","15":"sale","16":"taxable","17":"shipping-taxable","18":"purchasable","19":"product-type-simple"},"jetpack_sharing_enabled":true,"_links":{"self":[{"href":"https:\/\/audio-tools.at\/index.php\/wp-json\/wp\/v2\/product\/1306","targetHints":{"allow":["GET"]}}],"collection":[{"href":"https:\/\/audio-tools.at\/index.php\/wp-json\/wp\/v2\/product"}],"about":[{"href":"https:\/\/audio-tools.at\/index.php\/wp-json\/wp\/v2\/types\/product"}],"replies":[{"embeddable":true,"href":"https:\/\/audio-tools.at\/index.php\/wp-json\/wp\/v2\/comments?post=1306"}],"wp:featuredmedia":[{"embeddable":true,"href":"https:\/\/audio-tools.at\/index.php\/wp-json\/wp\/v2\/media\/1307"}],"wp:attachment":[{"href":"https:\/\/audio-tools.at\/index.php\/wp-json\/wp\/v2\/media?parent=1306"}],"wp:term":[{"taxonomy":"product_brand","embeddable":true,"href":"https:\/\/audio-tools.at\/index.php\/wp-json\/wp\/v2\/product_brand?post=1306"},{"taxonomy":"product_cat","embeddable":true,"href":"https:\/\/audio-tools.at\/index.php\/wp-json\/wp\/v2\/product_cat?post=1306"},{"taxonomy":"product_tag","embeddable":true,"href":"https:\/\/audio-tools.at\/index.php\/wp-json\/wp\/v2\/product_tag?post=1306"}],"curies":[{"name":"wp","href":"https:\/\/api.w.org\/{rel}","templated":true}]}}