{"id":1373,"date":"2021-03-31T14:03:49","date_gmt":"2021-03-31T14:03:49","guid":{"rendered":"https:\/\/audio-tools.at\/?post_type=product&#038;p=1373"},"modified":"2024-08-01T09:48:39","modified_gmt":"2024-08-01T09:48:39","slug":"qsc-isa-800-ti-installationsendstufe","status":"publish","type":"product","link":"https:\/\/audio-tools.at\/index.php\/produkt\/qsc-isa-800-ti-installationsendstufe\/","title":{"rendered":"QSC ISA 800 Ti Installationsendstufe"},"content":{"rendered":"<ul>\n<li>Niederohmige Ausg\u00e4nge sowie getrennte 25-, 70- und 100-Volt-Ausg\u00e4nge f\u00fcr verteilte Audiosysteme<\/li>\n<li>R\u00fcckseitige Gain-Regler f\u00fcr manipulationsgesch\u00fctzten Betrieb; 2-dB-Schritte erm\u00f6glichen schnelle und reproduzierbare Einstellungen.<\/li>\n<li>XLR-Eing\u00e4nge und abnehmbare Euroblock-Eing\u00e4nge<\/li>\n<li>DataPort V2 zur Verwendung mit DPV2-kompatiblem Signalverarbeitungszubeh\u00f6r (XC-3, SF-3, LF-3) und DSP-3\/DSP-4 (mit externem Netzteil)<\/li>\n<li>Unabh\u00e4ngige, abschaltbare Clip-Limiter reduzieren Verzerrung<\/li>\n<li>Einstellbare Hochpassfilter (50 oder 75 Hz) sch\u00fctzen Ihre Lautsprecher und verhindern \u2013 bei minimalen Auswirkungen auf das Programmmaterial \u2013 eine Stromwandlers\u00e4ttigung.<\/li>\n<li>Komplement\u00e4re bipolare Class-H-Ausgangsschaltung (2-stufig) vermindert Leistungsaufnahme und Abw\u00e4rme um 40%<\/li>\n<li>Anzeigen an der Vorderseite f\u00fcr Netz, Signal und Clipping<\/li>\n<li>Abgedeckte Schraubklemmen-Ausg\u00e4nge entsprechend den geltenden Sicherheitsnormen<\/li>\n<li>L\u00fcfter mit automatischer Drehzahlregelung: leise bei normalen Betrieb, maximale K\u00fchlung bei Bedarf<\/li>\n<li>Luftstrom von der R\u00fcck- zur Vorderseite sorgt f\u00fcr konstante K\u00fchlung des Racks.<\/li>\n<li>Betriebsarten: Stereo, Bridge-Mono und Parallel<\/li>\n<li>Umfassende Schutzschaltungen: Gleichstrom, Infraschall, thermische \u00dcberlastung und Kurzschluss<\/li>\n<li>3 Jahre Garantie sowie optional 3 Jahre mit erweitertem Servicevertrag<\/li>\n<\/ul>\n<p>&nbsp;<\/p>\n","protected":false},"excerpt":{"rendered":"<p>Niederohmige Ausg\u00e4nge sowie getrennte 25-, 70- und 100-Volt-Ausg\u00e4nge f\u00fcr verteilte Audiosysteme R\u00fcckseitige Gain-Regler f\u00fcr manipulationsgesch\u00fctzten Betrieb; 2-dB-Schritte erm\u00f6glichen schnelle und reproduzierbare Einstellungen. XLR-Eing\u00e4nge und abnehmbare Euroblock-Eing\u00e4nge DataPort V2 zur Verwendung mit DPV2-kompatiblem Signalverarbeitungszubeh\u00f6r (XC-3, SF-3, LF-3) und DSP-3\/DSP-4 (mit externem Netzteil) Unabh\u00e4ngige, abschaltbare Clip-Limiter reduzieren Verzerrung Einstellbare Hochpassfilter (50 oder 75 Hz) sch\u00fctzen Ihre Lautsprecher [&hellip;]<\/p>\n","protected":false},"featured_media":1372,"comment_status":"closed","ping_status":"closed","template":"","meta":[],"product_brand":[],"product_cat":[160],"product_tag":[515,163,162,514],"class_list":{"0":"post-1373","1":"product","2":"type-product","3":"status-publish","4":"has-post-thumbnail","6":"product_cat-verstaerker","7":"product_tag-100v-verstaerker","8":"product_tag-amp","9":"product_tag-endstufe","10":"product_tag-qsc-isa-800-ti","12":"first","13":"instock","14":"taxable","15":"shipping-taxable","16":"product-type-simple"},"jetpack_sharing_enabled":true,"_links":{"self":[{"href":"https:\/\/audio-tools.at\/index.php\/wp-json\/wp\/v2\/product\/1373","targetHints":{"allow":["GET"]}}],"collection":[{"href":"https:\/\/audio-tools.at\/index.php\/wp-json\/wp\/v2\/product"}],"about":[{"href":"https:\/\/audio-tools.at\/index.php\/wp-json\/wp\/v2\/types\/product"}],"replies":[{"embeddable":true,"href":"https:\/\/audio-tools.at\/index.php\/wp-json\/wp\/v2\/comments?post=1373"}],"wp:featuredmedia":[{"embeddable":true,"href":"https:\/\/audio-tools.at\/index.php\/wp-json\/wp\/v2\/media\/1372"}],"wp:attachment":[{"href":"https:\/\/audio-tools.at\/index.php\/wp-json\/wp\/v2\/media?parent=1373"}],"wp:term":[{"taxonomy":"product_brand","embeddable":true,"href":"https:\/\/audio-tools.at\/index.php\/wp-json\/wp\/v2\/product_brand?post=1373"},{"taxonomy":"product_cat","embeddable":true,"href":"https:\/\/audio-tools.at\/index.php\/wp-json\/wp\/v2\/product_cat?post=1373"},{"taxonomy":"product_tag","embeddable":true,"href":"https:\/\/audio-tools.at\/index.php\/wp-json\/wp\/v2\/product_tag?post=1373"}],"curies":[{"name":"wp","href":"https:\/\/api.w.org\/{rel}","templated":true}]}}