{"id":1867,"date":"2023-07-31T21:42:54","date_gmt":"2023-07-31T21:42:54","guid":{"rendered":"https:\/\/audio-tools.at\/?post_type=product&#038;p=1867"},"modified":"2023-07-31T21:42:54","modified_gmt":"2023-07-31T21:42:54","slug":"austrian-audio-oc-16-studio-set-grossmembran-kondensator-mikro-niere","status":"publish","type":"product","link":"https:\/\/audio-tools.at\/index.php\/produkt\/austrian-audio-oc-16-studio-set-grossmembran-kondensator-mikro-niere\/","title":{"rendered":"Austrian Audio OC 16 Studio Set Gro\u00dfmembran Kondensator Mikro Niere"},"content":{"rendered":"<ul class=\"fx-list product-text__list\">\n<li class=\"fx-list__item list-item fx-list__item--circle\"><span class=\"fx-text fx-text--plus list-item__text\">CKR Keramikkapsel<\/span><\/li>\n<li class=\"fx-list__item list-item fx-list__item--circle\"><span class=\"fx-text fx-text--plus list-item__text\">Richtcharakteristik: Niere<\/span><\/li>\n<li class=\"fx-list__item list-item fx-list__item--circle\"><span class=\"fx-text fx-text--plus list-item__text\">Frequenzgang: 20 &#8211; 20.000 Hz<\/span><\/li>\n<li class=\"fx-list__item list-item fx-list__item--circle\"><span class=\"fx-text fx-text--plus list-item__text\">Empfindlichkeit: 11 mV\/Pa<\/span><\/li>\n<li class=\"fx-list__item list-item fx-list__item--circle\"><span class=\"fx-text fx-text--plus list-item__text\">Ersatzger\u00e4uschpegel: 14 dB SPL (A)<\/span><\/li>\n<li class=\"fx-list__item list-item fx-list__item--circle\"><span class=\"fx-text fx-text--plus list-item__text\">Grenzschalldruckpegel: 148 dB SPL<\/span><\/li>\n<li class=\"fx-list__item list-item fx-list__item--circle\"><span class=\"fx-text fx-text--plus list-item__text\">analoger Hochpass Filter: 40 Hz, 160 Hz<\/span><\/li>\n<li class=\"fx-list__item list-item fx-list__item--circle\"><span class=\"fx-text fx-text--plus list-item__text\">Impedanz: 275 Ohm (symmetrisch)<\/span><\/li>\n<li class=\"fx-list__item list-item fx-list__item--circle\"><span class=\"fx-text fx-text--plus list-item__text\">ben\u00f6tigt 48 V Phantomspeisung<\/span><\/li>\n<li class=\"fx-list__item list-item fx-list__item--circle\"><span class=\"fx-text fx-text--plus list-item__text\">Abmessungen: 157 x 66 x 34 mm<\/span><\/li>\n<li class=\"fx-list__item list-item fx-list__item--circle\"><span class=\"fx-text fx-text--plus list-item__text\">Gewicht: 335 g<\/span><\/li>\n<li class=\"fx-list__item list-item fx-list__item--circle\"><span class=\"fx-text fx-text--plus list-item__text\">inkl. OCS6 Mikrofonspinne, 1x OCH8 Mikrofon-Clip und 1x MSC6 Transportcase<\/span><\/li>\n<\/ul>\n<p>Mit seiner patentierten CKR6-Kapsel und dem Open Acoustics Design Ansatz von Austrian Audio,\u00a0 liefert das OC16 einen herausragend transparenten und nat\u00fcrlichen Klang mit beeindruckender Vielseitigkeit.<\/p>\n<p>Jede CKR6-Kapsel wird in Wien handgefertigt und nach strengen Ma\u00dfst\u00e4ben getestet, um h\u00f6chste Qualit\u00e4t zu gew\u00e4hrleisten.<\/p>\n<p>Die extrem hohe Schalldruckvertr\u00e4glichkeit (148 dB SPL) und der edle, und offene Klang, machen es zu einem vielseitig einsetzbaren Mikrofon.<\/p>\n<p>Vom Home Studio \u00fcber den Proberaum bis hin zum Einsatz auf deiner Tour. Das OC16 ist immer die richtige Wahl.<\/p>\n<p>Aber auch am Schreibtisch macht das OC16 eine fantastische Figur. Perfekte Sprachaufzeichnung, egal ob f\u00fcr Deinen Podcast, Livestream oder einfach nur f\u00fcr Video-Konferenzen.<\/p>\n<p>Professionelle Klangqualit\u00e4t ohne Kompromisse.<\/p>\n","protected":false},"excerpt":{"rendered":"\n","protected":false},"featured_media":1868,"comment_status":"closed","ping_status":"closed","template":"","meta":[],"product_brand":[],"product_cat":[31,635],"product_tag":[639,640,641],"class_list":{"0":"post-1867","1":"product","2":"type-product","3":"status-publish","4":"has-post-thumbnail","6":"product_cat-micros","7":"product_cat-austrian-audio","8":"product_tag-austrian-audio-oc16","9":"product_tag-oc16","10":"product_tag-oc16-studio-set","12":"first","13":"instock","14":"taxable","15":"shipping-taxable","16":"purchasable","17":"product-type-simple"},"jetpack_sharing_enabled":true,"_links":{"self":[{"href":"https:\/\/audio-tools.at\/index.php\/wp-json\/wp\/v2\/product\/1867","targetHints":{"allow":["GET"]}}],"collection":[{"href":"https:\/\/audio-tools.at\/index.php\/wp-json\/wp\/v2\/product"}],"about":[{"href":"https:\/\/audio-tools.at\/index.php\/wp-json\/wp\/v2\/types\/product"}],"replies":[{"embeddable":true,"href":"https:\/\/audio-tools.at\/index.php\/wp-json\/wp\/v2\/comments?post=1867"}],"wp:featuredmedia":[{"embeddable":true,"href":"https:\/\/audio-tools.at\/index.php\/wp-json\/wp\/v2\/media\/1868"}],"wp:attachment":[{"href":"https:\/\/audio-tools.at\/index.php\/wp-json\/wp\/v2\/media?parent=1867"}],"wp:term":[{"taxonomy":"product_brand","embeddable":true,"href":"https:\/\/audio-tools.at\/index.php\/wp-json\/wp\/v2\/product_brand?post=1867"},{"taxonomy":"product_cat","embeddable":true,"href":"https:\/\/audio-tools.at\/index.php\/wp-json\/wp\/v2\/product_cat?post=1867"},{"taxonomy":"product_tag","embeddable":true,"href":"https:\/\/audio-tools.at\/index.php\/wp-json\/wp\/v2\/product_tag?post=1867"}],"curies":[{"name":"wp","href":"https:\/\/api.w.org\/{rel}","templated":true}]}}