{"id":2135,"date":"2025-05-02T06:35:50","date_gmt":"2025-05-02T06:35:50","guid":{"rendered":"https:\/\/audio-tools.at\/?post_type=product&#038;p=2135"},"modified":"2025-06-01T00:00:48","modified_gmt":"2025-06-01T00:00:48","slug":"sennheiser-e-906-mikro","status":"publish","type":"product","link":"https:\/\/audio-tools.at\/index.php\/produkt\/sennheiser-e-906-mikro\/","title":{"rendered":"Sennheiser e 906 Mikro"},"content":{"rendered":"<p class=\"ProductHero_product-hero-highlighted-text__egsBd\">Dynamisches Instrumentenmikrofon mit Supernierencharakteristik. Flexibel einsetzbar f\u00fcr Drums, Percussion und Gitarrenverst\u00e4rker. Umschaltbarer Pr\u00e4senzfilter zur Anpassung der Klangcharakteristik je nach Anforderung.<\/p>\n<div class=\"WYSIWYGContent_WYSIWYG-content__hA8V5 ProductHero_product-hero-text__oOX40\">Direkter Sound \u2013 direkter vom Amp. Das e 906 f\u00e4ngt Gitarrensound genau so, wie er sein soll: von clean bis verzerrt, von sanft bis aggressiv. Es liefert einen hochaufl\u00f6senden, nat\u00fcrlichen Klang ohne ungewollte Einf\u00e4rbungen. Das Impulsverhalten des e 906 \u00fcberzeugt durch alle Stile hinweg: es \u00fcbertr\u00e4gt selbst Riffs mit extrem hartem Punch unmittelbar und geradlinig. Am Mikrofon ist zudem die Klangcharakteristik w\u00e4hlbar zwischen: Anhebung des Pr\u00e4senzbereichs, normalem Pr\u00e4senzbereich und Absenkung des Pr\u00e4senzbereichs. Durch seine flache Bauform kann das e 906 einfach an seinem Kabel h\u00e4ngend vor dem Amp positioniert werden \u2013 ganz ohne Stativ. Von seiner ausgepr\u00e4gten Robustheit ganz zu schweigen.<\/div>\n","protected":false},"excerpt":{"rendered":"<p>Dynamisches Instrumentenmikrofon mit Supernierencharakteristik. Flexibel einsetzbar f\u00fcr Drums, Percussion und Gitarrenverst\u00e4rker. Umschaltbarer Pr\u00e4senzfilter zur Anpassung der Klangcharakteristik je nach Anforderung. Direkter Sound \u2013 direkter vom Amp. Das e 906 f\u00e4ngt Gitarrensound genau so, wie er sein soll: von clean bis verzerrt, von sanft bis aggressiv. Es liefert einen hochaufl\u00f6senden, nat\u00fcrlichen Klang ohne ungewollte Einf\u00e4rbungen. Das [&hellip;]<\/p>\n","protected":false},"featured_media":2136,"comment_status":"closed","ping_status":"closed","template":"","meta":[],"product_brand":[],"product_cat":[192,195,31],"product_tag":[693],"class_list":{"0":"post-2135","1":"product","2":"type-product","3":"status-publish","4":"has-post-thumbnail","6":"product_cat-sennheiser","7":"product_cat-instrumenten-mikro","8":"product_cat-micros","9":"product_tag-sennheiser-e-906","11":"first","12":"instock","13":"taxable","14":"shipping-taxable","15":"purchasable","16":"product-type-simple"},"jetpack_sharing_enabled":true,"_links":{"self":[{"href":"https:\/\/audio-tools.at\/index.php\/wp-json\/wp\/v2\/product\/2135","targetHints":{"allow":["GET"]}}],"collection":[{"href":"https:\/\/audio-tools.at\/index.php\/wp-json\/wp\/v2\/product"}],"about":[{"href":"https:\/\/audio-tools.at\/index.php\/wp-json\/wp\/v2\/types\/product"}],"replies":[{"embeddable":true,"href":"https:\/\/audio-tools.at\/index.php\/wp-json\/wp\/v2\/comments?post=2135"}],"wp:featuredmedia":[{"embeddable":true,"href":"https:\/\/audio-tools.at\/index.php\/wp-json\/wp\/v2\/media\/2136"}],"wp:attachment":[{"href":"https:\/\/audio-tools.at\/index.php\/wp-json\/wp\/v2\/media?parent=2135"}],"wp:term":[{"taxonomy":"product_brand","embeddable":true,"href":"https:\/\/audio-tools.at\/index.php\/wp-json\/wp\/v2\/product_brand?post=2135"},{"taxonomy":"product_cat","embeddable":true,"href":"https:\/\/audio-tools.at\/index.php\/wp-json\/wp\/v2\/product_cat?post=2135"},{"taxonomy":"product_tag","embeddable":true,"href":"https:\/\/audio-tools.at\/index.php\/wp-json\/wp\/v2\/product_tag?post=2135"}],"curies":[{"name":"wp","href":"https:\/\/api.w.org\/{rel}","templated":true}]}}