{"id":257,"date":"2020-08-26T14:25:42","date_gmt":"2020-08-26T14:25:42","guid":{"rendered":"https:\/\/audio-tools.at\/?post_type=product&#038;p=257"},"modified":"2021-01-01T00:00:16","modified_gmt":"2021-01-01T00:00:16","slug":"sennheiser-e965","status":"publish","type":"product","link":"https:\/\/audio-tools.at\/index.php\/produkt\/sennheiser-e965\/","title":{"rendered":"Sennheiser e965"},"content":{"rendered":"<p>Live-Sound auf h\u00f6chstem Niveau.<\/p>\n<p>Im e 965 sind die Vorz\u00fcge von High-End Studio- und B\u00fchnenmikrofonen perfekt vereint: Hochaufl\u00f6sende, facettenreiche Klangf\u00fclle erg\u00e4nzt um hohe R\u00fcckkoppelungssicherheit und extrem robuste Bauweise. Das Flaggschiff der evolution Serie ist das erste Echtkondensator-Mikrofon mit Gro\u00dfmembran, das f\u00fcr den professionellen B\u00fchneneinsatz entwickelt wurde. Sein ausgewogenes Sounddesign zeichnet ein kristallklares Klangbild; verleiht den H\u00f6hen seidigen Glanz und betont sanft die tiefen Mitten. Das e 965 spricht dabei \u00e4u\u00dferst schnell an und \u00fcbertr\u00e4gt auch feinste Nuancen beeindruckend detailliert. Je nach B\u00fchnen-Setting kann die Richtcharakteristik: zwischen sanfter Niere und direkter Superniere umgeschaltet werden. Auch bei Robustheit und Verarbeitung ist das Top-Modell \u00fcber jeden Zweifel erhaben.<\/p>\n<p>&nbsp;<\/p>\n<ul class=\"feature_list\">\n<li>Gro\u00dfmembran-Kondensatormikrofon<\/li>\n<li>Einzigartig druckvoller, hochaufl\u00f6sender Klang<\/li>\n<li>Feinzeichnend und beeindruckend detailreich<\/li>\n<li>Umschaltbare Richtcharakteristik: (Niere\/Superniere)<\/li>\n<li>schaltbarer Low-Cut und Vord\u00e4mpfung<\/li>\n<li>akustischer Popp- und Windschutz<\/li>\n<li>Schutz vor K\u00f6rperschall und Feuchtigkeit<\/li>\n<li>Extrem robustes Metallgeh\u00e4use<\/li>\n<\/ul>\n","protected":false},"excerpt":{"rendered":"<p>Live-Sound auf h\u00f6chstem Niveau. Im e 965 sind die Vorz\u00fcge von High-End Studio- und B\u00fchnenmikrofonen perfekt vereint: Hochaufl\u00f6sende, facettenreiche Klangf\u00fclle erg\u00e4nzt um hohe R\u00fcckkoppelungssicherheit und extrem robuste Bauweise. Das Flaggschiff der evolution Serie ist das erste Echtkondensator-Mikrofon mit Gro\u00dfmembran, das f\u00fcr den professionellen B\u00fchneneinsatz entwickelt wurde. Sein ausgewogenes Sounddesign zeichnet ein kristallklares Klangbild; verleiht den [&hellip;]<\/p>\n","protected":false},"featured_media":258,"comment_status":"closed","ping_status":"closed","template":"","meta":[],"product_brand":[],"product_cat":[31,192,194],"product_tag":[],"class_list":{"0":"post-257","1":"product","2":"type-product","3":"status-publish","4":"has-post-thumbnail","6":"product_cat-micros","7":"product_cat-sennheiser","8":"product_cat-vocal-mikro","10":"first","11":"instock","12":"taxable","13":"shipping-taxable","14":"purchasable","15":"product-type-simple"},"jetpack_sharing_enabled":true,"_links":{"self":[{"href":"https:\/\/audio-tools.at\/index.php\/wp-json\/wp\/v2\/product\/257","targetHints":{"allow":["GET"]}}],"collection":[{"href":"https:\/\/audio-tools.at\/index.php\/wp-json\/wp\/v2\/product"}],"about":[{"href":"https:\/\/audio-tools.at\/index.php\/wp-json\/wp\/v2\/types\/product"}],"replies":[{"embeddable":true,"href":"https:\/\/audio-tools.at\/index.php\/wp-json\/wp\/v2\/comments?post=257"}],"wp:featuredmedia":[{"embeddable":true,"href":"https:\/\/audio-tools.at\/index.php\/wp-json\/wp\/v2\/media\/258"}],"wp:attachment":[{"href":"https:\/\/audio-tools.at\/index.php\/wp-json\/wp\/v2\/media?parent=257"}],"wp:term":[{"taxonomy":"product_brand","embeddable":true,"href":"https:\/\/audio-tools.at\/index.php\/wp-json\/wp\/v2\/product_brand?post=257"},{"taxonomy":"product_cat","embeddable":true,"href":"https:\/\/audio-tools.at\/index.php\/wp-json\/wp\/v2\/product_cat?post=257"},{"taxonomy":"product_tag","embeddable":true,"href":"https:\/\/audio-tools.at\/index.php\/wp-json\/wp\/v2\/product_tag?post=257"}],"curies":[{"name":"wp","href":"https:\/\/api.w.org\/{rel}","templated":true}]}}