{"id":300,"date":"2020-08-27T15:41:36","date_gmt":"2020-08-27T15:41:36","guid":{"rendered":"https:\/\/audio-tools.at\/?post_type=product&#038;p=300"},"modified":"2024-10-12T10:29:14","modified_gmt":"2024-10-12T10:29:14","slug":"gravity-cart-m01-b-multifunktionswagen","status":"publish","type":"product","link":"https:\/\/audio-tools.at\/index.php\/produkt\/gravity-cart-m01-b-multifunktionswagen\/","title":{"rendered":"Gravity &#8211; CART M01 B Multifunktionswagen"},"content":{"rendered":"<ul>\n<li>8 in 1 Konfiguration<\/li>\n<li>einfaches Handling durch ergonomische Konstruktion<\/li>\n<li>kompakter Grundaufbau (670 x 405 x 805 mm)<\/li>\n<li>leicht auf 0,98 m L\u00e4nge erweiterbar<\/li>\n<li>Lastaufnahme von bis zu 150 kg<\/li>\n<li>leicht zu transportieren dank geringem Eigengewicht<\/li>\n<li>hochbelastbare Gummireifen (PU) f\u00fcr volle Flexibilit\u00e4t auf unterschiedlichen B\u00f6den<\/li>\n<\/ul>\n","protected":false},"excerpt":{"rendered":"<p>8 in 1 Konfiguration einfaches Handling durch ergonomische Konstruktion kompakter Grundaufbau (670 x 405 x 805 mm) leicht auf 0,98 m L\u00e4nge erweiterbar Lastaufnahme von bis zu 150 kg leicht zu transportieren dank geringem Eigengewicht hochbelastbare Gummireifen (PU) f\u00fcr volle Flexibilit\u00e4t auf unterschiedlichen B\u00f6den<\/p>\n","protected":false},"featured_media":301,"comment_status":"closed","ping_status":"closed","template":"","meta":[],"product_brand":[],"product_cat":[16],"product_tag":[51,50],"class_list":{"0":"post-300","1":"product","2":"type-product","3":"status-publish","4":"has-post-thumbnail","6":"product_cat-unkategorisiert","7":"product_tag-transport","8":"product_tag-trolley","10":"first","11":"instock","12":"sale","13":"taxable","14":"shipping-taxable","15":"purchasable","16":"product-type-simple"},"jetpack_sharing_enabled":true,"_links":{"self":[{"href":"https:\/\/audio-tools.at\/index.php\/wp-json\/wp\/v2\/product\/300","targetHints":{"allow":["GET"]}}],"collection":[{"href":"https:\/\/audio-tools.at\/index.php\/wp-json\/wp\/v2\/product"}],"about":[{"href":"https:\/\/audio-tools.at\/index.php\/wp-json\/wp\/v2\/types\/product"}],"replies":[{"embeddable":true,"href":"https:\/\/audio-tools.at\/index.php\/wp-json\/wp\/v2\/comments?post=300"}],"wp:featuredmedia":[{"embeddable":true,"href":"https:\/\/audio-tools.at\/index.php\/wp-json\/wp\/v2\/media\/301"}],"wp:attachment":[{"href":"https:\/\/audio-tools.at\/index.php\/wp-json\/wp\/v2\/media?parent=300"}],"wp:term":[{"taxonomy":"product_brand","embeddable":true,"href":"https:\/\/audio-tools.at\/index.php\/wp-json\/wp\/v2\/product_brand?post=300"},{"taxonomy":"product_cat","embeddable":true,"href":"https:\/\/audio-tools.at\/index.php\/wp-json\/wp\/v2\/product_cat?post=300"},{"taxonomy":"product_tag","embeddable":true,"href":"https:\/\/audio-tools.at\/index.php\/wp-json\/wp\/v2\/product_tag?post=300"}],"curies":[{"name":"wp","href":"https:\/\/api.w.org\/{rel}","templated":true}]}}