{"id":371,"date":"2020-08-30T11:46:51","date_gmt":"2020-08-30T11:46:51","guid":{"rendered":"https:\/\/audio-tools.at\/?post_type=product&#038;p=371"},"modified":"2021-02-17T13:43:57","modified_gmt":"2021-02-17T13:43:57","slug":"yamaha-yvc-330-usb-bluetooth-konferenzloesung","status":"publish","type":"product","link":"https:\/\/audio-tools.at\/index.php\/produkt\/yamaha-yvc-330-usb-bluetooth-konferenzloesung\/","title":{"rendered":"Yamaha YVC 330 USB &#038; Bluetooth Konferenzl\u00f6sung"},"content":{"rendered":"<p>Erm\u00f6glicht stressfreie Gespr\u00e4che<br \/>\nBeseitigt st\u00f6renden L\u00e4rm und \u00fcbertr\u00e4gt nur die Stimme<br \/>\nPasst die Lautst\u00e4rke von Personen an, die sich in der N\u00e4he des Mikrofons und in dessen Entfernung befinden<br \/>\nKlare Stimm\u00fcbertragung &#8211; auch bei Eoch<br \/>\nErkennt automatisch die sprechende Person<br \/>\nHuman Voice Activity Detection (HVAD)<\/p>\n","protected":false},"excerpt":{"rendered":"\n","protected":false},"featured_media":372,"comment_status":"closed","ping_status":"closed","template":"","meta":[],"product_brand":[],"product_cat":[71],"product_tag":[79,77,78],"class_list":{"0":"post-371","1":"product","2":"type-product","3":"status-publish","4":"has-post-thumbnail","6":"product_cat-home-office","7":"product_tag-bluetooth","8":"product_tag-home-office","9":"product_tag-konferenz","11":"first","12":"instock","13":"taxable","14":"shipping-taxable","15":"purchasable","16":"product-type-simple"},"jetpack_sharing_enabled":true,"_links":{"self":[{"href":"https:\/\/audio-tools.at\/index.php\/wp-json\/wp\/v2\/product\/371","targetHints":{"allow":["GET"]}}],"collection":[{"href":"https:\/\/audio-tools.at\/index.php\/wp-json\/wp\/v2\/product"}],"about":[{"href":"https:\/\/audio-tools.at\/index.php\/wp-json\/wp\/v2\/types\/product"}],"replies":[{"embeddable":true,"href":"https:\/\/audio-tools.at\/index.php\/wp-json\/wp\/v2\/comments?post=371"}],"wp:featuredmedia":[{"embeddable":true,"href":"https:\/\/audio-tools.at\/index.php\/wp-json\/wp\/v2\/media\/372"}],"wp:attachment":[{"href":"https:\/\/audio-tools.at\/index.php\/wp-json\/wp\/v2\/media?parent=371"}],"wp:term":[{"taxonomy":"product_brand","embeddable":true,"href":"https:\/\/audio-tools.at\/index.php\/wp-json\/wp\/v2\/product_brand?post=371"},{"taxonomy":"product_cat","embeddable":true,"href":"https:\/\/audio-tools.at\/index.php\/wp-json\/wp\/v2\/product_cat?post=371"},{"taxonomy":"product_tag","embeddable":true,"href":"https:\/\/audio-tools.at\/index.php\/wp-json\/wp\/v2\/product_tag?post=371"}],"curies":[{"name":"wp","href":"https:\/\/api.w.org\/{rel}","templated":true}]}}