{"id":396,"date":"2020-08-31T18:05:32","date_gmt":"2020-08-31T18:05:32","guid":{"rendered":"https:\/\/audio-tools.at\/?post_type=product&#038;p=396"},"modified":"2023-02-21T08:49:52","modified_gmt":"2023-02-21T08:49:52","slug":"radial-usb-pro-usb-stereo-di-box","status":"publish","type":"product","link":"https:\/\/audio-tools.at\/index.php\/produkt\/radial-usb-pro-usb-stereo-di-box\/","title":{"rendered":"Radial USB Pro &#8211; USB Stereo DI-Box"},"content":{"rendered":"<ul class=\"prod-features\">\n<li>\u00fcr Audio\u00fcbertragungen mit Laptop oder PC &#8211; ben\u00f6tigt keine Treiber<\/li>\n<li>24Bit \/ 96 kHz<\/li>\n<li>USB-Input (Typ B)<\/li>\n<li>2x XLR male out<\/li>\n<li>regelbarer Level<\/li>\n<li>schaltbare Mono-Summierung<\/li>\n<li>3,5 mm Stereo Klinke Kopfh\u00f6rerausgang<\/li>\n<li>schaltbarer Groundlift<\/li>\n<li>robustes Metallgeh\u00e4use<\/li>\n<\/ul>\n","protected":false},"excerpt":{"rendered":"<p>\u00fcr Audio\u00fcbertragungen mit Laptop oder PC &#8211; ben\u00f6tigt keine Treiber 24Bit \/ 96 kHz USB-Input (Typ B) 2x XLR male out regelbarer Level schaltbare Mono-Summierung 3,5 mm Stereo Klinke Kopfh\u00f6rerausgang schaltbarer Groundlift robustes Metallgeh\u00e4use<\/p>\n","protected":false},"featured_media":397,"comment_status":"closed","ping_status":"closed","template":"","meta":[],"product_brand":[],"product_cat":[71,87],"product_tag":[88,92,91],"class_list":{"0":"post-396","1":"product","2":"type-product","3":"status-publish","4":"has-post-thumbnail","6":"product_cat-home-office","7":"product_cat-tools","8":"product_tag-di-box","9":"product_tag-usb","10":"product_tag-usb-di","12":"first","13":"instock","14":"taxable","15":"shipping-taxable","16":"purchasable","17":"product-type-simple"},"jetpack_sharing_enabled":true,"_links":{"self":[{"href":"https:\/\/audio-tools.at\/index.php\/wp-json\/wp\/v2\/product\/396","targetHints":{"allow":["GET"]}}],"collection":[{"href":"https:\/\/audio-tools.at\/index.php\/wp-json\/wp\/v2\/product"}],"about":[{"href":"https:\/\/audio-tools.at\/index.php\/wp-json\/wp\/v2\/types\/product"}],"replies":[{"embeddable":true,"href":"https:\/\/audio-tools.at\/index.php\/wp-json\/wp\/v2\/comments?post=396"}],"wp:featuredmedia":[{"embeddable":true,"href":"https:\/\/audio-tools.at\/index.php\/wp-json\/wp\/v2\/media\/397"}],"wp:attachment":[{"href":"https:\/\/audio-tools.at\/index.php\/wp-json\/wp\/v2\/media?parent=396"}],"wp:term":[{"taxonomy":"product_brand","embeddable":true,"href":"https:\/\/audio-tools.at\/index.php\/wp-json\/wp\/v2\/product_brand?post=396"},{"taxonomy":"product_cat","embeddable":true,"href":"https:\/\/audio-tools.at\/index.php\/wp-json\/wp\/v2\/product_cat?post=396"},{"taxonomy":"product_tag","embeddable":true,"href":"https:\/\/audio-tools.at\/index.php\/wp-json\/wp\/v2\/product_tag?post=396"}],"curies":[{"name":"wp","href":"https:\/\/api.w.org\/{rel}","templated":true}]}}