{"id":446,"date":"2020-09-22T09:38:15","date_gmt":"2020-09-22T09:38:15","guid":{"rendered":"https:\/\/audio-tools.at\/?post_type=product&#038;p=446"},"modified":"2020-09-22T09:38:15","modified_gmt":"2020-09-22T09:38:15","slug":"riggatec-halfcoupler-klein-schwarz-100kg","status":"publish","type":"product","link":"https:\/\/audio-tools.at\/index.php\/produkt\/riggatec-halfcoupler-klein-schwarz-100kg\/","title":{"rendered":"Riggatec Halfcoupler klein schwarz -100kg"},"content":{"rendered":"<ul>\n<li>T\u00fcv gepr\u00fcft (Zertifikat senden wir auf Anfrage zu)<\/li>\n<li>Incl. Ger\u00e4teschraube M10 verzinkt, Sprengring, Unterlegscheibe und Fl\u00fcgelmutter<\/li>\n<li>Verschlusschraube M8 verzinkt mit\u00a0Unterlegscheibe und Fl\u00fcgelmutter<\/li>\n<\/ul>\n","protected":false},"excerpt":{"rendered":"<p>T\u00fcv gepr\u00fcft (Zertifikat senden wir auf Anfrage zu) Incl. Ger\u00e4teschraube M10 verzinkt, Sprengring, Unterlegscheibe und Fl\u00fcgelmutter Verschlusschraube M8 verzinkt mit\u00a0Unterlegscheibe und Fl\u00fcgelmutter<\/p>\n","protected":false},"featured_media":447,"comment_status":"closed","ping_status":"closed","template":"","meta":[],"product_brand":[],"product_cat":[30],"product_tag":[114,113,115],"class_list":{"0":"post-446","1":"product","2":"type-product","3":"status-publish","4":"has-post-thumbnail","6":"product_cat-addons","7":"product_tag-halfcoupler","8":"product_tag-schelle","9":"product_tag-truss-zubehoer","11":"first","12":"instock","13":"sale","14":"taxable","15":"shipping-taxable","16":"purchasable","17":"product-type-simple"},"jetpack_sharing_enabled":true,"_links":{"self":[{"href":"https:\/\/audio-tools.at\/index.php\/wp-json\/wp\/v2\/product\/446","targetHints":{"allow":["GET"]}}],"collection":[{"href":"https:\/\/audio-tools.at\/index.php\/wp-json\/wp\/v2\/product"}],"about":[{"href":"https:\/\/audio-tools.at\/index.php\/wp-json\/wp\/v2\/types\/product"}],"replies":[{"embeddable":true,"href":"https:\/\/audio-tools.at\/index.php\/wp-json\/wp\/v2\/comments?post=446"}],"wp:featuredmedia":[{"embeddable":true,"href":"https:\/\/audio-tools.at\/index.php\/wp-json\/wp\/v2\/media\/447"}],"wp:attachment":[{"href":"https:\/\/audio-tools.at\/index.php\/wp-json\/wp\/v2\/media?parent=446"}],"wp:term":[{"taxonomy":"product_brand","embeddable":true,"href":"https:\/\/audio-tools.at\/index.php\/wp-json\/wp\/v2\/product_brand?post=446"},{"taxonomy":"product_cat","embeddable":true,"href":"https:\/\/audio-tools.at\/index.php\/wp-json\/wp\/v2\/product_cat?post=446"},{"taxonomy":"product_tag","embeddable":true,"href":"https:\/\/audio-tools.at\/index.php\/wp-json\/wp\/v2\/product_tag?post=446"}],"curies":[{"name":"wp","href":"https:\/\/api.w.org\/{rel}","templated":true}]}}