{"id":450,"date":"2020-09-22T09:43:59","date_gmt":"2020-09-22T09:43:59","guid":{"rendered":"https:\/\/audio-tools.at\/?post_type=product&#038;p=450"},"modified":"2020-09-22T09:47:12","modified_gmt":"2020-09-22T09:47:12","slug":"riggatec-trigger-clamp-schwarz-bis-250-kg-48-51-mm","status":"publish","type":"product","link":"https:\/\/audio-tools.at\/index.php\/produkt\/riggatec-trigger-clamp-schwarz-bis-250-kg-48-51-mm\/","title":{"rendered":"Riggatec Trigger Clamp schwarz bis 250 kg (48 &#8211; 51 mm)"},"content":{"rendered":"<ul>\n<li>T\u00fcv gepr\u00fcft (Zertifikat senden wir auf Anfrage zu)<\/li>\n<li>Inkl. Ger\u00e4teschraube M10 verzinkt, Sprengring, Unterlegscheibe und Fl\u00fcgelmutter<\/li>\n<li>Verschlussschraube M12 verzinkt mit Unterlegscheibe und gro\u00dfer Fl\u00fcgelmutter<\/li>\n<\/ul>\n","protected":false},"excerpt":{"rendered":"<p>T\u00fcv gepr\u00fcft (Zertifikat senden wir auf Anfrage zu) Inkl. Ger\u00e4teschraube M10 verzinkt, Sprengring, Unterlegscheibe und Fl\u00fcgelmutter Verschlussschraube M12 verzinkt mit Unterlegscheibe und gro\u00dfer Fl\u00fcgelmutter<\/p>\n","protected":false},"featured_media":451,"comment_status":"closed","ping_status":"closed","template":"","meta":[],"product_brand":[],"product_cat":[16,30],"product_tag":[116,117,115],"class_list":{"0":"post-450","1":"product","2":"type-product","3":"status-publish","4":"has-post-thumbnail","6":"product_cat-unkategorisiert","7":"product_cat-addons","8":"product_tag-haken","9":"product_tag-triggerclamp","10":"product_tag-truss-zubehoer","12":"first","13":"instock","14":"sale","15":"taxable","16":"shipping-taxable","17":"purchasable","18":"product-type-simple"},"jetpack_sharing_enabled":true,"_links":{"self":[{"href":"https:\/\/audio-tools.at\/index.php\/wp-json\/wp\/v2\/product\/450","targetHints":{"allow":["GET"]}}],"collection":[{"href":"https:\/\/audio-tools.at\/index.php\/wp-json\/wp\/v2\/product"}],"about":[{"href":"https:\/\/audio-tools.at\/index.php\/wp-json\/wp\/v2\/types\/product"}],"replies":[{"embeddable":true,"href":"https:\/\/audio-tools.at\/index.php\/wp-json\/wp\/v2\/comments?post=450"}],"wp:featuredmedia":[{"embeddable":true,"href":"https:\/\/audio-tools.at\/index.php\/wp-json\/wp\/v2\/media\/451"}],"wp:attachment":[{"href":"https:\/\/audio-tools.at\/index.php\/wp-json\/wp\/v2\/media?parent=450"}],"wp:term":[{"taxonomy":"product_brand","embeddable":true,"href":"https:\/\/audio-tools.at\/index.php\/wp-json\/wp\/v2\/product_brand?post=450"},{"taxonomy":"product_cat","embeddable":true,"href":"https:\/\/audio-tools.at\/index.php\/wp-json\/wp\/v2\/product_cat?post=450"},{"taxonomy":"product_tag","embeddable":true,"href":"https:\/\/audio-tools.at\/index.php\/wp-json\/wp\/v2\/product_tag?post=450"}],"curies":[{"name":"wp","href":"https:\/\/api.w.org\/{rel}","templated":true}]}}