{"id":582,"date":"2020-10-03T17:58:40","date_gmt":"2020-10-03T17:58:40","guid":{"rendered":"https:\/\/audio-tools.at\/?post_type=product&#038;p=582"},"modified":"2021-01-01T00:00:16","modified_gmt":"2021-01-01T00:00:16","slug":"sennheiser-ew-122p-g4-lavalier-kamera-funkset","status":"publish","type":"product","link":"https:\/\/audio-tools.at\/index.php\/produkt\/sennheiser-ew-122p-g4-lavalier-kamera-funkset\/","title":{"rendered":"Sennheiser ew 122P G4 Lavalier Kamera Funkset"},"content":{"rendered":"<p>Robustes All-in-One-Funksystem mit hoher Flexibilit\u00e4t f\u00fcr Sound in Broadcast-Qualit\u00e4t. Das Set besteht aus 1 drahtlosem SK 100 G4-Taschensender, 1 ME 4 Lavelier-Mikrofon, 1 tragbarem Empf\u00e4nger EK 100 G4, Ausgangskabeln und Kamerahalterung.<br \/>\nEine Soundl\u00f6sung in Broadcast-Qualit\u00e4t. Bietet h\u00f6chste Flexibilit\u00e4t f\u00fcr Ihre Au\u00dfenaufnahmen und Feldaufnahmen. Ein robustes Funkmikrofonsystem mit hervorragender Klangqualit\u00e4t, einfacher Montage und Benutzerfreundlichkeit.<\/p>\n<p>Robustes drahtloses All-in-One-System, flexibel einsetzbar f\u00fcr Audioaufnahmen in Broadcast-Qualit\u00e4t<\/p>\n<p>Ausgezeichnete Soundqualit\u00e4t, wiederstandsf\u00e4hige Geh\u00e4usekonstruktion<\/p>\n<p>Bedienungsfreundliche Men\u00fcsteuerung, schnelle Inbetriebnahme<\/p>\n<p>Leistungsstarke und zuverl\u00e4ssige Funk\u00fcbertragung<\/p>\n<p>Reichweite: bis zu 100 Meter<\/p>\n<p>Bis zu 8 Stunden Betriebszeit<\/p>\n","protected":false},"excerpt":{"rendered":"<p>Robustes All-in-One-Funksystem mit hoher Flexibilit\u00e4t f\u00fcr Sound in Broadcast-Qualit\u00e4t. Das Set besteht aus 1 drahtlosem SK 100 G4-Taschensender, 1 ME 4 Lavelier-Mikrofon, 1 tragbarem Empf\u00e4nger EK 100 G4, Ausgangskabeln und Kamerahalterung. Eine Soundl\u00f6sung in Broadcast-Qualit\u00e4t. Bietet h\u00f6chste Flexibilit\u00e4t f\u00fcr Ihre Au\u00dfenaufnahmen und Feldaufnahmen. Ein robustes Funkmikrofonsystem mit hervorragender Klangqualit\u00e4t, einfacher Montage und Benutzerfreundlichkeit. Robustes drahtloses [&hellip;]<\/p>\n","protected":false},"featured_media":581,"comment_status":"closed","ping_status":"closed","template":"","meta":[],"product_brand":[],"product_cat":[191,31],"product_tag":[133,129],"class_list":{"0":"post-582","1":"product","2":"type-product","3":"status-publish","4":"has-post-thumbnail","6":"product_cat-funkmikrofon","7":"product_cat-micros","8":"product_tag-kamera-funkset","9":"product_tag-lavalier-funk","11":"first","12":"instock","13":"taxable","14":"shipping-taxable","15":"purchasable","16":"product-type-simple"},"jetpack_sharing_enabled":true,"_links":{"self":[{"href":"https:\/\/audio-tools.at\/index.php\/wp-json\/wp\/v2\/product\/582","targetHints":{"allow":["GET"]}}],"collection":[{"href":"https:\/\/audio-tools.at\/index.php\/wp-json\/wp\/v2\/product"}],"about":[{"href":"https:\/\/audio-tools.at\/index.php\/wp-json\/wp\/v2\/types\/product"}],"replies":[{"embeddable":true,"href":"https:\/\/audio-tools.at\/index.php\/wp-json\/wp\/v2\/comments?post=582"}],"wp:featuredmedia":[{"embeddable":true,"href":"https:\/\/audio-tools.at\/index.php\/wp-json\/wp\/v2\/media\/581"}],"wp:attachment":[{"href":"https:\/\/audio-tools.at\/index.php\/wp-json\/wp\/v2\/media?parent=582"}],"wp:term":[{"taxonomy":"product_brand","embeddable":true,"href":"https:\/\/audio-tools.at\/index.php\/wp-json\/wp\/v2\/product_brand?post=582"},{"taxonomy":"product_cat","embeddable":true,"href":"https:\/\/audio-tools.at\/index.php\/wp-json\/wp\/v2\/product_cat?post=582"},{"taxonomy":"product_tag","embeddable":true,"href":"https:\/\/audio-tools.at\/index.php\/wp-json\/wp\/v2\/product_tag?post=582"}],"curies":[{"name":"wp","href":"https:\/\/api.w.org\/{rel}","templated":true}]}}